-11*a - 12. Let d = 858 + g. What are the prime factors of d?
599
Let l(d) = -362*d**2 + 387*d**2 - 87*d - d**3 + 17*d. What are the prime factors of l(15)?
2, 3, 5
What are the prime factors of ((-3)/2)/(-11 - (-486980)/44272)?
2, 2767
Let r = 30 + -25. Let h be 6 - r*(-8)/(-20). What are the prime factors of (-83*4)/2*(-2)/h?
83
Let s = 47065 + -26050. What are the prime factors of s?
3, 5, 467
Let h(x) = 7*x**2 + 5*x + 48. Let p(d) = -3*d**2 - 2*d - 24. Let j(y) = -2*h(y) - 5*p(y). List the prime factors of j(-13).
193
List the prime factors of (-763155)/(-90) - (-3)/6.
2, 5, 53
Let s(k) = 6*k - 51. Let r be s(9). Suppose 2*v - 1032 = -4*g, 4*g = -2*v + r*v + 1032. What are the prime factors of g?
2, 3, 43
What are the prime factors of (6 - -17 - 18)*(-3)/(15/(-15491))?
7, 2213
Suppose 5*h + 2*a - 82256 = 0, -74328 = -4*h - 2*a - 8522. What are the prime factors of h?
2, 5, 7, 47
Let k(v) = 9*v**2 - 2*v + 3. Let n be k(1). Let j be n/((-10)/3) - (-2808 - 0). What are the prime factors of ((-30)/16 - -2) + j/24?
3, 13
Let t(z) = 2*z**3 + 30*z**2 - 61*z + 22. What are the prime factors of t(14)?
2, 3, 439
Suppose 0 = 2*a - 73 + 3. Let c = 35 - a. Suppose c = 6*m - 543 - 795. List the prime factors of m.
223
List the prime factors of (-136)/(((-127120)/1445)/(-8) + -11).
2, 17
Let s = 242 - 457. Let v = s - -154. Let r = -23 - v. What are the prime factors of r?
2, 19
Let k(b) = b - 7 + 7*b + 1168*b**2 - 1166*b**2. Let l be k(7). Suppose -x - 743 = 7*w - 12*w, x = w - l. List the prime factors of w.
149
Suppose -8 = w - 4*s, 3*w + s + 3 = 2*w. Suppose z - 1 = 3. List the prime factors of (z + (-70)/w)*4/2.
43
Suppose 2*t + t = -2*o - 7143, t + 2*o = -2381. Let n = -1188 - t. What are the prime factors of n?
1193
Let w = 154 + -151. Suppose -w*v = -3*t + 198, 0*t - 72 = -t + 4*v. What are the prime factors of t?
2
Suppose -34*p + 169009 = 56852 - 139477. List the prime factors of p.
3, 2467
Let x = 16715 - 15246. List the prime factors of x.
13, 113
Suppose 31639 - 13279 = w. List the prime factors of w.
2, 3, 5, 17
Let r = 624 - 478. Let z = 186 + r. What are the prime factors of z?
2, 83
Let o = 243 - 240. Suppose x + o*a - 82 = 7*a, 0 = 2*x + a - 146. List the prime factors of x.
2, 37
Let a(z) = z**3 + 3*z**2 + 4*z + 4. Suppose 6 = 2*u, 2*u - 13 = 5*q + 8. Let k be a(q). Let r(i) = 3*i**2 + 18*i - 3. What are the prime factors of r(k)?
3, 5
Let k = 79977 - 54088. List the prime factors of k.
25889
Suppose -4*m + 50 = 5*s, -4*s = m - 24 - 5. Suppose s*y - 1339 = 2*y - 3*n, -5*n = 4*y - 1341. What are the prime factors of y?
2, 167
Suppose v - 18 = 24. Let n be (-1)/(-4) + v/(-144)*-6. Let i(d) = 5*d**3 + 5*d**2 - 1. What are the prime factors of i(n)?
59
Suppose 30*t - 126504 = -41428 + 456214. List the prime factors of t.
18043
Suppose -21*b + 96 = -5*b. Let r be 1 + b + 0 + 4. Suppose 12*i = r*i + 87. List the prime factors of i.
3, 29
What are the prime factors of 272/17 - 26 - -9304?
2, 3, 1549
Let h(v) = -5*v - 25. Let q(a) = 23*a**2 - 1. Let d(l) = 35*l**2 - 2. Let z(p) = 5*d(p) - 8*q(p). Let g be z(-1). What are the prime factors of h(g)?
2, 3, 5
List the prime factors of ((-7081)/(-97))/(2/932).
2, 73, 233
Suppose -169*k + 165*k - 5*j + 97855 = 0, -24420 = -k + 5*j. List the prime factors of k.
5, 67, 73
Suppose -3 = 5*v - 4*n - 78, -3*v + 45 = -2*n. Let g be -2 - 5/(v/(-9)). Suppose 32 = s - g. List the prime factors of s.
3, 11
Let f = 183 - 46. Suppose -1034 = -3*k - 314. Let r = k - f. What are the prime factors of r?
103
Let u = 9557 + -6101. List the prime factors of u.
2, 3
Let l(n) = -n**2 + 7*n - 7. Let w be l(6). Let d be ((1 - 3)/(-2))/w + 3. Let z(o) = 2*o**3. List the prime factors of z(d).
2
Suppose -13191 = -2*v + 2*i + 31943, 4*v = -3*i + 90289. What are the prime factors of v?
2, 5, 37, 61
List the prime factors of (-280806)/68*(-2 - (-1 + 1)).
3, 2753
Let b be (1314/24)/((-1)/(-4)). Suppose 5*s + b = 2*f, 2*f = s + s + 234. Suppose o = -3*z + 4*o + 87, f = 4*z + 2*o. List the prime factors of z.
2, 3, 5
Let j be (3/(42/(-788)))/((-1156)/4046). Let z(h) = 34*h**2 - h - 6. Let v be z(5). Suppose 3*d - 2*c = v, -d + 78 = -3*c - j. What are the prime factors of d?
281
List the prime factors of 8/18 - ((-518714)/63 - -18).
2, 13, 79
Let p = 796 - 792. Suppose b = n - 43 - 575, p*n - 2477 = -b. List the prime factors of n.
619
Let o = -1504 - -2502. Suppose 4*f + o = 6*f. List the prime factors of f.
499
Let x(s) = -26*s - 6. Let j be x(-2). Suppose -4*v - 3*n + 184 = n, v + 3*n - j = 0. Suppose r - v = t, -2*r + 0*r + 92 = -t. List the prime factors of r.
2, 23
Suppose -2*n + 1535 = -0*n - 5*d, 0 = -2*n - 5*d + 1485. Let b = -434 + n. What are the prime factors of b?
3, 107
Let j = -7811 - -13684. What are the prime factors of j?
7, 839
Let w(m) = -m**3 - 22*m**2 - 38*m + 20. Let h be w(-21). Suppose 0 = -2*c + c + f + h, -3*f - 381 = -c. List the prime factors of c.
3, 5
Suppose 9722 = w + 5*b, -113*w + 5*b + 48460 = -108*w. List the prime factors of w.
9697
What are the prime factors of 8/((-216)/(-58593)) + (-2)/18?
2, 5, 7, 31
Suppose 3*f = -5*b + 1504, 2*b - 7*f + 10*f - 607 = 0. Let w = b + -235. List the prime factors of w.
2
Let r = -733 + 757. List the prime factors of -10 - -683 - r/6.
3, 223
Suppose 66*k = 137467 - 45199. What are the prime factors of k?
2, 3, 233
Let n = 9189 - 605. What are the prime factors of n?
2, 29, 37
What are the prime factors of (0 + (-7036)/14)*441/189*-3?
2, 1759
List the prime factors of (902/205)/((-42762)/(-10690) + -4).
2, 11, 1069
Suppose 48*x - 122010 - 1667334 = 0. List the prime factors of x.
2, 3, 19, 109
Let g = 143 + -114. Suppose g*d = 1553 + 21705. What are the prime factors of d?
2, 401
Let v(o) = -1156*o**3 - 20*o**2 - 71*o + 53. List the prime factors of v(-4).
3, 17, 1451
Suppose 183*n + 8 = 175*n. List the prime factors of (4587/(-84) - n/(-4))*-7.
2, 3
Suppose 7*s - 459 = 4*s. Suppose 3*p + s = 3*l, 0 = 3*l - p - p - 158. Suppose 2*k + 297 = 3*d, -d + l = 2*k - 51. List the prime factors of d.
101
Suppose z - 12*h + 1 = -10*h, -14 = -z - h. List the prime factors of ((-2)/8 + (-609)/(-36))*z.
2, 3, 5
Suppose -5*u - 208 - 392 = 0. Suppose -13*k = -2558 - 185. Let h = k + u. What are the prime factors of h?
7, 13
Suppose -20421 - 8550 = 29*u. Let z = 2524 + u. What are the prime factors of z?
5, 61
Suppose 24 = w - 2*j, -22 = -3*j - 34. Suppose 0 = 5*c + w*r - 12*r - 5027, -c + 1012 = 3*r. List the prime factors of c.
17, 59
Let n = -175 - -166. Let j(d) = 3*d**2 - 33. What are the prime factors of j(n)?
2, 3, 5, 7
Let p(z) be the first derivative of -29*z**2/2 + 4*z + 35. Let r be p(-2). Suppose -r = -0*o - 2*o. List the prime factors of o.
31
Let u(h) = 299*h - 1425. What are the prime factors of u(45)?
2, 3, 5, 401
Suppose 0 = 2*k + k - 6. Let n be k/9*84 + (-4)/6. What are the prime factors of 1104/n - (-3)/9*-1?
61
What are the prime factors of (2/(-4))/((-25)/837150)?
3, 5581
Suppose 0 = 5*a + 2*s - 13322, -2*a - 37*s + 5327 = -38*s. List the prime factors of a.
2, 3, 37
Suppose -4*u + 1335 = -9*u. Let s = u + 785. What are the prime factors of s?
2, 7, 37
Suppose -19*d + 7*d - 722834 = -26*d. List the prime factors of d.
51631
Let o be 2 - (48/20*-8)/(2/10). Suppose -5*d + 153 = -287. Suppose -j - g + o = 2*j, g + d = 3*j. List the prime factors of j.
31
Let z = -149 + 155. List the prime factors of -2 + z + -6 + 167.
3, 5, 11
List the prime factors of 4/38 + (-8)/304*-43772.
2, 3
Suppose -666108 = -19*b + 275418. List the prime factors of b.
2, 3, 2753
Let g be (1 - -3) + 0/(-18 + 8). Suppose g*c = -5*m + 4815, 2*m - 34*c + 29*c - 1926 = 0. What are the prime factors of m?
3, 107
Let l(g) = 9*g**2. Let o be 6/((-6)/(-4) - 0). Let d be o + (-4 - (2 - 4)). What are the prime factors of l(d)?
2, 3
Let r = 184392 - 89485. List the prime factors of r.
94907
What are the prime factors of (-4)/(-22) + (-4561872)/(-264) + 1?
11, 1571
Let t(q) = 1776*q - 6409. List the prime factors of t(17).
17, 1399
What are the prime factors of 322/1127 - (-342315)/21?
16301
Let c = 23125 - 16426. List the prime factors of c.
3, 7, 11, 29
Let j(w) be the first derivative of -w**4/4 + 7*w**3/3 - w**2/2 - 3*w - 117. What are the prime factors of j(6)?
3
Let s(w) = 355*w - 1212